{"id":2188,"date":"2017-07-31T15:45:01","date_gmt":"2017-07-31T15:45:01","guid":{"rendered":"http:\/\/www.finquesalbert.com\/?page_id=2188\/"},"modified":"2017-07-31T15:45:01","modified_gmt":"2017-07-31T15:45:01","slug":"condicions-de-lloguer","status":"publish","type":"page","link":"https:\/\/www.finquesalbert.com\/ca\/condicions-de-lloguer\/","title":{"rendered":"Condicions de lloguer"},"content":{"rendered":"<ol>\n<li>L\u2019horari de les nostres oficines \u00e9s de 9:30 a 13:30 hores i de 16:00 a 20:00 hores, diumenges i festius de 10:00 a 13:00. Fora de temporada d\u2019estiu (1 d\u2019octubre a 1 de mar\u00e7) els dilluns tancat.<\/li>\n<li>L\u2019apartament estar\u00e0 a la seva disposici\u00f3 entre les 17:00 i 20:00 hores del dia d\u2019arribada i fins a les 10:00 hores el dia de sortida.<\/li>\n<li>No s\u2019admeten arribades m\u00e9s tard de les 20:00 hores\u00a0<strong>sense av\u00eds previ<\/strong>.<\/li>\n<li>Les despeses d\u2019aigua, gas i llum estan incloses en el preu del lloguer. Excepte en els lloguers de temporada.<\/li>\n<li>NO s\u2019admeten ANIMALS de companyia en els apartaments.<\/li>\n<li>Tots els nostres apartaments i cases estan equipats amb nevera, rentadora, cuina de gas o el\u00e8ctrica, vaixella, coberteria, bateria de cuina, aigua calenta i freda, televisi\u00f3, planxa.<\/li>\n<li>Els apartaments es lloguen\u00a0<strong>sense roba.<\/strong><\/li>\n<li>Forma de pagament: 30% a la reserva (transfer\u00e8ncia banc\u00e0ria) 70% a la recollida de les claus, en efectiu NO S\u2019ACCEPTEN TARGETES DE CR\u00c8DIT.<\/li>\n<li>L\u2019empresa no respon davant de qualsevol modificaci\u00f3 o variaci\u00f3 que es produeixi amb posterioritat a la publicaci\u00f3 de la p\u00e0gina web.<\/li>\n<li>Finques Albert<sup>\u00ae<\/sup>\u00a0es reserva el dret de modificar els preus si fos convenient, a no ser que ja estigu\u00e9s confirmada la reserva.<\/li>\n<li>Finalitzar\u00e0 la obligaci\u00f3 de reservar l\u2019allotjament, amb p\u00e8rdua de paga i senyal, quan el mateix no sigui ocupat dins de les 48 hores seg\u00fcents a la fixada com entrada.<\/li>\n<li>Finques \u201cAlbert\u201d<sup>\u00ae<\/sup>\u00a0no d\u00f3na cap tipus de servei en els allotjaments.<\/li>\n<\/ol>\n<h3>Taxa Tur\u00edstica a Catalunya<\/h3>\n<p>A partir de l\u20191 de novembre del 2012, s\u2019estableix la Taxa Tur\u00edstica a Catalunya. \u00c9s aplicable per totes les persones que s\u2019allotgin en un establiment tur\u00edstic, majors de 16 anys, i nom\u00e9s ser\u00e0 aplicable per un m\u00e0xim de 7 nits. En els apartaments tur\u00edstics la taxa aplicable ser\u00e0 de 0.90\u20ac+10% IVA per persona per dia.<\/p>\n","protected":false},"excerpt":{"rendered":"<p>L\u2019horari de les nostres oficines \u00e9s de 9:30 a 13:30 hores i de 16:00 a 20:00 hores, diumenges i festius de 10:00 a 13:00. Fora de temporada d\u2019estiu (1 d\u2019octubre a 1 de mar\u00e7) els dilluns tancat. L\u2019apartament estar\u00e0 a la seva disposici\u00f3 entre les 17:00 i 20:00 hores del dia d\u2019arribada i fins a [&hellip;]<\/p>\n","protected":false},"author":1,"featured_media":0,"parent":0,"menu_order":0,"comment_status":"closed","ping_status":"closed","template":"","meta":[],"_links":{"self":[{"href":"https:\/\/www.finquesalbert.com\/ca\/wp-json\/wp\/v2\/pages\/2188"}],"collection":[{"href":"https:\/\/www.finquesalbert.com\/ca\/wp-json\/wp\/v2\/pages"}],"about":[{"href":"https:\/\/www.finquesalbert.com\/ca\/wp-json\/wp\/v2\/types\/page"}],"author":[{"embeddable":true,"href":"https:\/\/www.finquesalbert.com\/ca\/wp-json\/wp\/v2\/users\/1"}],"replies":[{"embeddable":true,"href":"https:\/\/www.finquesalbert.com\/ca\/wp-json\/wp\/v2\/comments?post=2188"}],"version-history":[{"count":1,"href":"https:\/\/www.finquesalbert.com\/ca\/wp-json\/wp\/v2\/pages\/2188\/revisions"}],"predecessor-version":[{"id":2189,"href":"https:\/\/www.finquesalbert.com\/ca\/wp-json\/wp\/v2\/pages\/2188\/revisions\/2189"}],"wp:attachment":[{"href":"https:\/\/www.finquesalbert.com\/ca\/wp-json\/wp\/v2\/media?parent=2188"}],"curies":[{"name":"wp","href":"https:\/\/api.w.org\/{rel}","templated":true}]}}

<ol>
<li>L’horari de les nostres oficines és de 9:30 a 13:30 hores i de 16:00 a 20:00 hores, diumenges i festius de 10:00 a 13:00. Fora de temporada d’estiu (1 d’octubre a 1 de març) els dilluns tancat.</li>
<li>L’apartament estarà a la seva disposició entre les 17:00 i 20:00 hores del dia d’arribada i fins a les 10:00 hores el dia de sortida.</li>
<li>No s’admeten arribades més tard de les 20:00 hores <strong>sense avís previ</strong>.</li>
<li>Les despeses d’aigua, gas i llum estan incloses en el preu del lloguer. Excepte en els lloguers de temporada.</li>
<li>NO s’admeten ANIMALS de companyia en els apartaments.</li>
<li>Tots els nostres apartaments i cases estan equipats amb nevera, rentadora, cuina de gas o elèctrica, vaixella, coberteria, bateria de cuina, aigua calenta i freda, televisió, planxa.</li>
<li>Els apartaments es lloguen <strong>sense roba.</strong></li>
<li>Forma de pagament: 30% a la reserva (transferència bancària) 70% a la recollida de les claus, en efectiu NO S’ACCEPTEN TARGETES DE CRÈDIT.</li>
<li>L’empresa no respon davant de qualsevol modificació o variació que es produeixi amb posterioritat a la publicació de la pàgina web.</li>
<li>Finques Albert<sup>®</sup> es reserva el dret de modificar els preus si fos convenient, a no ser que ja estigués confirmada la reserva.</li>
<li>Finalitzarà la obligació de reservar l’allotjament, amb pèrdua de paga i senyal, quan el mateix no sigui ocupat dins de les 48 hores següents a la fixada com entrada.</li>
<li>Finques “Albert”<sup>®</sup> no dóna cap tipus de servei en els allotjaments.</li>
</ol>
<h3>Taxa Turística a Catalunya</h3>
<p>A partir de l’1 de novembre del 2012, s’estableix la Taxa Turística a Catalunya. És aplicable per totes les persones que s’allotgin en un establiment turístic, majors de 16 anys, i només serà aplicable per un màxim de 7 nits. En els apartaments turístics la taxa aplicable serà de 0.90€+10% IVA per persona per dia.</p>

<p>L’horari de les nostres oficines és de 9:30 a 13:30 hores i de 16:00 a 20:00 hores, diumenges i festius de 10:00 a 13:00. Fora de temporada d’estiu (1 d’octubre a 1 de març) els dilluns tancat. L’apartament estarà a la seva disposició entre les 17:00 i 20:00 hores del dia d’arribada i fins a [&hellip;]</p>
